he prime factors of z?
3, 59
What are the prime factors of (-15)/5 + 236 + (-3 - -3)?
233
Suppose 3*k = 2*p - p - 32, -5*p + 5*k + 190 = 0. List the prime factors of p.
41
Let n(j) = -j**3 + 5*j**2 - 4*j - 2. Let f be n(4). Let z = f - -5. List the prime factors of z.
3
Let k(t) = 3*t**2 - 6*t + 2. What are the prime factors of k(4)?
2, 13
Let d(l) = l**2 - 4*l + 8. List the prime factors of d(6).
2, 5
Let i(s) = -49*s + 25. List the prime factors of i(-7).
2, 23
Suppose -2*d - 8 = 2*q, 3*d - 2*d + 5*q = -16. What are the prime factors of (-4)/d - (-5 - -6)?
3
What are the prime factors of (-10)/(-4)*(-136)/(-10)?
2, 17
Suppose -1 = x - 8. Let t be (-96)/(-42) - (-4)/(-14). Suppose u = x - t. List the prime factors of u.
5
Let i(u) = -9*u**2 - u - 1. Let k be i(-1). Let x = k + 30. What are the prime factors of x?
3, 7
Suppose 2*g = -0 - 6, 0 = 2*y + 2*g - 60. List the prime factors of y.
3, 11
Suppose 3*s + s - 3*t = 159, 103 = 3*s + t. List the prime factors of s.
2, 3
Let t = 5 + -3. Suppose t*o - 8 = -2*o. List the prime factors of o + 0/((-2)/(-2)).
2
Let d(c) = 2*c**3 + c**2 - c + 1. Let r = -2 - -3. What are the prime factors of d(r)?
3
Let h = 254 - 105. List the prime factors of h.
149
Let i(v) = -4*v**2 - 3*v + 12*v + v**3 + 0*v**2 - 4*v**2 - 6. List the prime factors of i(7).
2
Let u(l) = l**2 + 13*l - 11. Let j be u(-14). Suppose 0 = 3*p - 3*c - 63, -3*p + 5*c - j*c + 58 = 0. What are the prime factors of p?
2
Let u(t) = -t**3 + 9*t**2 - 9*t - 6. Let j be u(7). Suppose 2 = 3*p - 3*k - 1, 3*p + 5*k = -j. List the prime factors of p/(-2) - 13/(-2).
2
Let i be (-16)/(-9) - 4/(-18). Suppose -3*q - 5 + 15 = -5*v, -36 = -i*q - 4*v. List the prime factors of q.
2, 5
Suppose 6*b - 10 - 8 = 0. List the prime factors of -12*(-3 + b/9).
2
Suppose 0 = -a + 2*a + 5. What are the prime factors of (-33)/(-15) + 1/a?
2
Suppose s - 14 = 5. List the prime factors of s.
19
Let s = -22 - -78. List the prime factors of s.
2, 7
Let k = 41 + 62. Let b = k - 52. Suppose b - 18 = 3*g. What are the prime factors of g?
11
Suppose 0 = 2*a + 8, -2*a + 3*a = -4*d + 900. List the prime factors of d.
2, 113
Suppose -4*g + 12 = -0. Suppose 0*a = g*o + 3*a - 63, 4*a + 48 = 2*o. List the prime factors of o.
2, 11
Suppose -9 = 5*t - 49. What are the prime factors of t?
2
Suppose -62 - 94 = -2*y. What are the prime factors of y?
2, 3, 13
Let i(c) = c + 2. Let y be i(0). Suppose -y*r = -7*r + 75. What are the prime factors of r?
3, 5
Let q(p) = p**3 + 5*p**2 - 4*p + 8. Let g be q(-6). Let r be 0 - g*(-2 - 2). Let s = -9 - r. List the prime factors of s.
7
Suppose -12*w - 84 = -15*w. What are the prime factors of w?
2, 7
Suppose 3*v + v = -4. List the prime factors of v/(-3) - 5/(-3).
2
Let c be -2 - -26*(0 - -1). Suppose -f - 2*f + c = 0. List the prime factors of f.
2
Let s(o) = o + 13. Let z be -5*(-2 - (-48)/(-15)). Suppose 0*r - 3*r = -5*c - z, 0 = 4*c - 5*r + 13. List the prime factors of s(c).
2, 3
Let f(p) = 19*p**2 + 8*p - 5. List the prime factors of f(-3).
2, 71
Let l = -25 - -29. Let k(m) = m**3 - 3*m**2 - 2*m - 5. Let c be k(4). Suppose -17 = -c*x + l*n, 4*n + 2 = 6. What are the prime factors of x?
7
Let g(z) be the second derivative of -z**4/12 - 11*z**3/6 - z**2 - z. What are the prime factors of g(-10)?
2
Let y(s) = s**3 + 2*s**2 + s + 95. List the prime factors of y(0).
5, 19
Let a be 2/(-6) + (-5)/3. What are the prime factors of a/3 + (-29)/(-3)?
3
Let n(q) be the third derivative of 0 + 1/24*q**4 + 0*q + 2/3*q**3 - 2*q**2. What are the prime factors of n(9)?
13
Let y(q) = q**3 - 9*q**2 + 9*q - 2. Let w be y(8). Suppose -3*b + w = -57. What are the prime factors of b?
3, 7
Let g(t) = t**3 - 9*t**2 + 10*t - 11. Let z(f) = 3*f. Let a be z(1). Let k be 3 - -3 - (1 - a). What are the prime factors of g(k)?
5
Let k = 8 - 8. Suppose 5*o - 3*o = -3*l + 10, k = -5*l - 20. List the prime factors of o.
11
Suppose 5*n = 2*n + 873. List the prime factors of n.
3, 97
Let o(k) = k**3 + 2*k**2 - 2*k - 3. Let x be o(-2). Let d = x + 1. Suppose 0 = d*n - s - 17, 5*n - 3*s - 44 = -0*n. List the prime factors of n.
7
Suppose -2*y - 50 = 12. Suppose -2*g = -3*f - 145, -f - 52 + 4 = -g. Let t = y - f. List the prime factors of t.
2, 3
Suppose 2*f = 4*f - 16. What are the prime factors of f?
2
Let w(d) = -2*d - 3. Let x(p) = 2. Suppose 0 = 2*g + 2*g - 8. Let r(v) = g*w(v) + 4*x(v). List the prime factors of r(-3).
2, 7
Let d(p) = -10*p + 1. What are the prime factors of d(-3)?
31
Let i be ((-3)/(-6) + 0)*-42. Let n be (-214)/(-6) + (-7)/i. Suppose -3*y - n = -7*y. List the prime factors of y.
3
Let f be (0/(-8))/(4 - 1). Suppose n - 13 = -f. List the prime factors of n.
13
Suppose -7*i + 3*i - 824 = 0. What are the prime factors of (-8)/(-20) - i/10?
3, 7
Let l(b) = 2*b**3 + 2*b**2 - 4*b + 3. Let i be l(2). What are the prime factors of 1 + i + (-8)/2?
2
Let g be 6*(-2 - (-5)/2). Suppose -g*h + y + 2 = 7, -3*y = -15. Suppose 0*o + o - 10 = h. What are the prime factors of o?
2, 5
Let m = -10 + 29. List the prime factors of m.
19
Suppose q + 2*v = 4, 4*q = -3*v + 12 - 1. What are the prime factors of (-3)/(-2)*q + 2?
5
Suppose -16 + 4 = 2*s. Let f = s - -11. Let l(n) = -n + 9. List the prime factors of l(f).
2
Let x(a) = a**2 + 5*a + 2. Let y be x(-3). Let q = 3 - y. Suppose 4*p - 6 = -5*s, 2*s = -3*p + q + 1. List the prime factors of p.
2
Let q = -2 - -1. Let h be -2 - 1/(q/(-1)). What are the prime factors of 2 + (-1*3)/h?
3
Let i(v) be the second derivative of v**4/12 - v**3/3 + v**2/2 - 3*v. Let u be i(3). Suppose 4*f - u = 16. List the prime factors of f.
5
Let v = 2 + 0. Suppose 48 = 3*a + v*s - 23, -5*s = -3*a + 106. Suppose 3*u + 3 = a. What are the prime factors of u?
2
Let n be (-4)/10 + (-444)/(-60). Let g(w) = -w**3 + 9*w**2 - 11*w + 8. List the prime factors of g(n).
29
What are the prime factors of 9/(28/(-10) + 3)?
3, 5
Suppose 311 = 3*q + 3*r - 34, 2*r - 450 = -4*q. List the prime factors of q.
2, 5, 11
Let w = -22 + 37. Suppose 2*a = -a + w. Suppose 2 + 23 = a*c. List the prime factors of c.
5
Suppose 3*p - 18 = -0*p. Suppose -k = -0*k - p. What are the prime factors of k?
2, 3
Let t = -110 + 50. Let i = t - -106. What are the prime factors of i?
2, 23
Suppose 78 = 2*u - 154. Suppose -7*j = -3*j - u. List the prime factors of j.
29
What are the prime factors of 122/1 - (5 - 3)?
2, 3, 5
Let i = -4 - -11. List the prime factors of i.
7
List the prime factors of ((-52)/10)/((-14)/280).
2, 13
Let q = -88 + 129. Suppose 5*d - 2*d + 30 = 3*x, q = 2*x + 5*d. What are the prime factors of x?
13
Suppose y - 13 = -6. Suppose 0*x - y*x = -203. What are the prime factors of x?
29
Let s(d) = -4*d + 4. Let n be s(-4). Suppose 4*o - n = 24. List the prime factors of o.
11
Let t = -9 + 32. Suppose p = -0*p - 5*q - 21, 0 = -3*p - 5*q - t. What are the prime factors of 1 - (-8 + (-2)/p)?
7
Let v(w) = -w + 6. Let q = -1 + -4. Let c be v(q). Let j = 23 - c. List the prime factors of j.
2, 3
Suppose -4*w = -3*i - 925, w + 4*i - i = 220. List the prime factors of w.
229
Suppose -3*i - 27 = -3*s, s = -5*i - s - 66. Let k be (40/i)/((-2)/3). Suppose -2*n = -k*n + 36. List the prime factors of n.
2, 3
Let d(x) = x**2 - 4*x - 8. Suppose 4 + 20 = -4*g. Let o be d(g). Suppose 0 = n + 3*n - o. List the prime factors of n.
13
Suppose -3*j = 5*c - 175, 2*j + j - 35 = -c. List the prime factors of c.
5, 7
Let r(l) = 3*l**2 - l. Let f be r(5). Let y = -38 + f. Let c = y + -20. List the prime factors of c.
2, 3
Let z(r) = r**2 + 5*r - 4. Let a be z(-6). Let k be a/10 - 38/(-10). Suppose -k*v - n + 75 = 0, -2*n = n - 9. What are the prime factors of v?
2, 3
Let o be -4*3/(-18)*6. Suppose -3*m - 28 = -o*i, 0*i = -i + m + 6. Suppose -2*a + 10 = -i. What are the prime factors of a?
2, 5
Let f(x) = x**2 + x + 27. Let t be 4/16*4 - 1. List the prime factors of f(t).
3
Let d be (5/4)/((-3)/(-72)). Suppose 90 - d = 5*j. List the prime factors of j.
2, 3
Suppose -4 = -t - 0. Suppose t = -3*a + 13. Suppose 0 = -0*m + a*m - 30. List the prime factors of m.
2, 5
Suppose 5*t = 4*h + 3*t + 28, 4*t - 21 = 3*h. List the prime factors of (12/28 - 3)*h.
2, 3
Suppose -4*v = -r - 733, -v + 4*r + 540 = 2*v. What are the prime factors of v?
2, 23
Let v = 105 - 33. List the prime factors of v.
2, 3
Let z(b